= -w**2 + 6*w + 6. Let m be c(j). List the prime factors of m/(-3) - (956/(-12) - -5).
3, 5
Let p(x) = -539*x - 14858. What are the prime factors of p(-47)?
5, 419
Suppose -80*c = -153*c + 14381. What are the prime factors of c?
197
Let t = 3940 - 1155. Let v = t - 1113. List the prime factors of v.
2, 11, 19
Suppose 0 = -5*p + 366 + 149. Let d = p - 98. Let v(j) = 22*j - 3. What are the prime factors of v(d)?
107
Suppose 0 = a - m - 16108, 14*m - 7*m = -3*a + 48344. What are the prime factors of a?
2, 3, 5, 179
Let l(d) = -d**2 - 6*d - 6. Let n be l(-6). Let o = -15 + -25. What are the prime factors of (o/n)/2*18?
2, 3, 5
Let j be 2/(-4)*0/(-5). Suppose -27*t + 25*t - 4 = j. List the prime factors of -5 + 29 - (t - 3).
29
Let i be 4/((-190)/(-94) + -2). Suppose 22*r - 20*r = -i. Let k = 10 - r. List the prime factors of k.
2, 13
Let k be ((-8)/(-10)*19)/(6/15). Let z be (-6 + k/6)*(6 - 0). Suppose z*s - 312 = -2*g, -2 = s - 5. What are the prime factors of g?
3, 17
Let u be 2664*((-1)/(-4))/((-1)/2). Let q = u - -2458. List the prime factors of q.
2, 563
Suppose -44*h + 54 = -41*h. List the prime factors of 325/(-45) + 7 - (-4576)/h.
2, 127
Let j(c) = -5*c + 14. Let m be j(-5). Suppose -m*h + 6392 = -35*h. What are the prime factors of h?
2, 17, 47
Suppose 189*j - 388*j = -192*j - 92995. What are the prime factors of j?
5, 2657
Let i(b) = 2*b**3 + 15*b**2 + 3*b - 23. Let z be i(-7). Suppose -z*k = -k + 3*c - 3004, 0 = 3*c. What are the prime factors of k?
751
Suppose 13*p + 928 = 15*p. What are the prime factors of p*(-2)/((-16)/14)?
2, 7, 29
Let f(i) = -3*i - 31. Let j be f(-11). Suppose -6*n = -2*n - j*n. Suppose -10*h + n*h = -1550. What are the prime factors of h?
5, 31
Let h = 2146 - -2823. List the prime factors of h.
4969
Suppose -191*r = -309866 - 475615 - 28752. What are the prime factors of r?
3, 7, 29
Let c(n) = n**2 + n - 29. Let d(l) = 6*l**3 - 1. Let p be d(-1). Let m be (-2)/(5/p - -1). List the prime factors of c(m).
13
Suppose -7*q = -3*q + 12. Let w be 14/3 + 4/(-6) + q. What are the prime factors of ((-3)/((-3)/(-112)) + w)/(-1)?
3, 37
Let x be (15/(-35))/(4/(-28)). Let d be 4/2 + 2 + -4. What are the prime factors of (-5 - -39) + d + x?
37
What are the prime factors of (-15)/(-3) + 6 + (5607 - 36/6)?
2, 23, 61
Let z = -12 - -17. Suppose 3*q - 4*q = m - z, -4*q + 8 = 0. What are the prime factors of m/18 - (-195)/18?
11
Let s(l) = l**2 - 11*l - 20. Suppose 3*u = 138 - 3. Suppose q + u = -4*n, 6*n - 2*n + 4*q = -60. What are the prime factors of s(n)?
2, 5, 19
Let g(m) = -157*m**2 + 8*m - 4. Let f(o) = -39*o**2 + 2*o - 1. Let a(l) = -9*f(l) + 2*g(l). Let z be 3 + 6/9 - 25/15. What are the prime factors of a(z)?
5, 29
Let z be 1990/(-4)*(-5)/((-175)/(-616)). Suppose -23*o = -14106 - z. List the prime factors of o.
2, 7, 71
Suppose -1 = r, -l + 0*r + 845 = -2*r. Let n = l - -363. List the prime factors of n.
2, 3, 67
List the prime factors of 9111*3 - (-49)/(33 - 40).
2, 13, 1051
Let g = -54 - -58. What are the prime factors of 298 + -7 + g + -6?
17
Let q = -2505 - -9345. List the prime factors of q.
2, 3, 5, 19
Let r = -7726 - -11866. What are the prime factors of r?
2, 3, 5, 23
Suppose 0 = 2*u + 3*n - 162040, 5*u - n - 317937 = 87214. What are the prime factors of u?
13, 23, 271
Suppose 2*f - 1474 = -4*w, 342 = w + 4*f - 37. Suppose -4*c + 1839 = 5*k, w = c - k - 104. List the prime factors of c.
2, 233
Suppose 0 = 8*s - 479 + 415. Suppose s*d - 4286 - 3010 = 0. What are the prime factors of d?
2, 3, 19
List the prime factors of (-84 + 0 + -3)*(9 + -21).
2, 3, 29
Let k(x) = -164*x - 58 + 216*x - 166*x. What are the prime factors of k(-5)?
2
Let q be 0*(-2)/8 - 4*-651. Suppose -5*n + q = -n - 3*d, 0 = 4*n + 4*d - 2604. List the prime factors of n.
3, 7, 31
Let q(i) = 132*i**2 + 1. Let s be q(2). Let y = s - 273. Suppose -2*o - 2*o + y = 0. What are the prime factors of o?
2
Suppose -5*b - 5*s + 1920 = 0, -12 = s - 4*s. Suppose -748 = -2*k + 4*u, 0 = -k - 0*u + 4*u + b. What are the prime factors of k?
2, 23
Let o(d) = 39*d - 1. Let k be o(-1). Let p = k - -35. What are the prime factors of (-1*(-61)/2)/(p/(-10))?
61
Let p(q) = -q**2 + 17*q + 22. Let r = 19 + -1. Let y be p(r). Suppose 0 = -4*b + y + 284. List the prime factors of b.
2, 3
Let w be ((-78)/(-52))/((-1)/4*-2). Suppose -3*c + 5*h = -2581, -w*c + 419 = -2*h - 2156. List the prime factors of c.
857
Let u = 5 + 59. Suppose -5*c = u - 779. What are the prime factors of c?
11, 13
Let r(i) = -i**2 + 5*i + 5. Suppose 2*b = -5*o - 16, -2*b = 3*b + 3*o + 21. Let d be r(b). What are the prime factors of -1 - (-29)/5 - d/95?
5
Suppose -3*r - 2*t = -4052 - 5824, -2*t + 13164 = 4*r. What are the prime factors of r?
2, 3, 137
Let f be (6 - (12 - 0))/(2/(-60)). Let c = f - 166. What are the prime factors of c?
2, 7
Suppose 80*v - o - 23770 = 77*v, 5*v - 5*o - 39630 = 0. What are the prime factors of v?
2, 17, 233
Let x be ((-2)/2 + 1 + 0)/(-5 + 3). Let q(a) = -24 + 148 - a**3 - 4*a - a**2 + 2*a. What are the prime factors of q(x)?
2, 31
Suppose -11232 = -21*r + 270 + 1392. What are the prime factors of r?
2, 307
Let p(k) = 0*k + 11 - 4*k + 7454951*k**3 - 7454949*k**3 - 2*k**2. Let d(l) = -l - 2. Let c be d(-5). What are the prime factors of p(c)?
5, 7
Suppose -229*m + 11506742 - 2815734 = 0. What are the prime factors of m?
2, 593
Suppose 0 = 2*v - 2*w + 6, -3*v - 21 = 2*v - 2*w. List the prime factors of (-71)/(174/36 + v).
2, 3, 71
Let j(q) = -2*q**3 + 4*q**2 - q. Let z be j(-3). Suppose -58 = -n - z. Let x = 45 - n. What are the prime factors of x?
2, 5
What are the prime factors of (-305)/(-3)*(261 - 183)?
2, 5, 13, 61
Let m be (2 - 0 - -2) + -18 + 16. Suppose 0 = -m*w + 272 - 152. List the prime factors of w.
2, 3, 5
Let f be 0/((-30)/(-20)*8/(-6)). Suppose f = 7*d - 81 - 52. Suppose -d*u = -17*u - 20. List the prime factors of u.
2, 5
Suppose 5*s + 15 = 120. Let w = 23 - s. What are the prime factors of (-3)/w*(-5)/((-15)/(-326))?
163
Let d be (-5)/((-90)/4) - 1246/18. Let s = d - -74. Suppose 252 = s*z - 183. What are the prime factors of z?
3, 29
Let c = -8727 + 17239. What are the prime factors of c?
2, 7, 19
What are the prime factors of ((-7964 - 35/7) + 5)/((-4)/10)?
2, 5, 11, 181
Let m be (-192)/(-40) - (-4)/(-5). Suppose -3*h + 1689 = -m*s - 1314, -3 = -s. List the prime factors of h.
3, 5, 67
Suppose 124*x = 560953 + 5457759. List the prime factors of x.
2, 7, 3467
Suppose -568*i = -532*i - 236844. List the prime factors of i.
3, 17, 43
Let l = 2290 + -935. What are the prime factors of l?
5, 271
List the prime factors of 6718 + (-2)/((-7)/(154/(-4))).
19, 353
Let n be (558/24 - 6) + (-1)/4. Let f(k) = 3*k**2 - 10*k - 8. Let z be f(9). Let b = z + n. What are the prime factors of b?
2, 3
Let r = 304 - 330. List the prime factors of ((r/2)/(-13))/((-2)/(-46)).
23
Let m(u) be the second derivative of 281*u**3/2 + u**2/2 - 278*u. List the prime factors of m(2).
7, 241
Let g = -19 + 10. Let i be -3*(-1 - 3/g) - -3. What are the prime factors of 142/i - (-10)/(-25)?
2, 7
Suppose 45*z = 63*z - 42966. What are the prime factors of z?
7, 11, 31
Let c = 94825 - 53464. List the prime factors of c.
3, 17, 811
Let l(s) = -s**3 - 6*s**2 - 8*s - 1. Let n be l(-7). Let b(v) = 8*v + 35. Let y be b(8). Suppose n*c - 980 = y*c. List the prime factors of c.
2, 7
Let p = 57 - 51. Let m be (-2)/(9/((-81)/p)). Suppose 4*n + m*n - 343 = 0. What are the prime factors of n?
7
Let s be (-1 - (-18)/10)/(596/73010). Let v be (-1 + 0)*(-2)/1. Suppose t - s = -v*q, -2*q + 2*t = 4*t - 96. What are the prime factors of q?
2, 5
What are the prime factors of (-27)/(756/(-476)) - -29373?
2, 5, 2939
Let m(a) = -51*a - 18. Let s be m(-20). Let i = s + -703. What are the prime factors of i?
13, 23
Suppose 2*r + 29 = r + 5*h, -53 = 2*r - 5*h. List the prime factors of (210/r)/((-1)/12) + -2.
103
Let v(w) = -w**3 + w**2. Let d be v(-2). Let o be -7*d/(-9)*3/(-2). What are the prime factors of 760/(-6)*21/o?
2, 5, 19
Let k be (4/8)/(1/(-100)). Let t(l) = -27*l. Let i be t(-6). Let p = i + k. List the prime factors of p.
2, 7
Let u(w) = w**3 + 19*w**2 + 15*w - 8. Let f be u(-9). Suppose 662*c - f*c + 1465 = 0. What are the prime factors of c?
293
Let f = 1385 + -1298. Suppose 3*s + s = 3964. Suppose 